d be 2 + (0 - -202) - r. Is 1*d + 3 + -5 a prime number?
True
Let p(g) = -531*g**2 - 3*g + 3. Let y be p(2). Let n = y - -3464. Is n composite?
True
Suppose -13*c + 9*c + 1492 = 0. Is c a prime number?
True
Let a(b) = -b**3 - 13*b**2 - 4*b - 5. Let j be a(-10). Let d = -108 - j. Is d a composite number?
False
Suppose 5*i - 4*r = -9*r + 3150, -628 = -i - 3*r. Is i prime?
True
Suppose -3*h - 6*o = -o - 23, -o - 5 = 0. Let u = -10 + h. Is (4/u)/((-8)/(-5364)) prime?
False
Suppose -5*h + 7*h - 6 = 0. Suppose -q = -4*d + 55145, h*q = -16 + 1. Suppose -d = -5*l - 3020. Is l composite?
False
Suppose 6546 = 4*j - 2*h, 0 = 6*j - 5*j + 3*h - 1640. Is j composite?
False
Let c = -61 - -71. Suppose 0 = c*r - 3*r - 2317. Is r prime?
True
Is (-6)/4*324936/(-108) a composite number?
False
Let b = 14 - 20. Let d be b/((-2 - -1)/(-34)). Let u = d + 1259. Is u prime?
False
Let v(i) be the first derivative of 11*i**3/3 + 20*i + 26. Is v(-5) a composite number?
True
Let z be (-15)/1*4/(-12). Suppose 0 = g - z + 2. Suppose 8*i - 3*i - 1054 = g*j, 0 = 4*i - 5*j - 851. Is i a prime number?
False
Suppose -2*n - 3*x + 46 = -256, 4*n - 604 = -x. Suppose 3*y - n = -3*l + 314, 2*l - 775 = -5*y. Suppose 289 = 4*b - y. Is b a composite number?
True
Let v(i) = 2*i**2 + i - 3. Let o be v(5). Is 677/6 + (-2 - o/(-24)) a composite number?
False
Let h(s) = 16300*s**2 + s + 2. Is h(-1) a prime number?
True
Let y(j) = 8*j**2 - 18*j - 267. Is y(77) a composite number?
False
Suppose 6*v - 4 = 20. Let m(z) = z**3 + z**2. Let a(o) = -7*o**3 - 2*o**2 - 4*o - 5. Let j(t) = -a(t) - 6*m(t). Is j(v) a composite number?
True
Let v = -31704 - -44663. Is v prime?
True
Let o = 2255 - 679. Let t = o - 2545. Let l = 1540 + t. Is l a prime number?
True
Let o = 6861 + -1304. Is o prime?
True
Let a = -3150 - -4951. Is a composite?
False
Let w(x) = 136*x + 19. Is w(16) a composite number?
True
Let y(x) = -3488*x + 35. Is y(-3) a composite number?
False
Let u be 98/10 + (-4)/(-20). Let p(x) = 38*x + 4. Let k be p(u). Let d = 1555 - k. Is d a composite number?
False
Suppose q + 4*j = 68, 2*q - 73 = 3*j + 8. Let s = 43 - 16. Let n = q - s. Is n prime?
False
Suppose -6*n + 18623 = -8695. Is n composite?
True
Let f(z) = -786*z - 49. Is f(-3) a prime number?
True
Suppose 8*f - 183561 = -13*f. Is f a composite number?
False
Let h = 20 + -21. Is 11 + -10 - 513/h prime?
False
Let f(b) be the second derivative of -b**4/12 - 11*b**3/3 - 5*b**2/2 - 6*b. Is f(-20) composite?
True
Let b = -35 - -62. Suppose u = -8*u + 414. Let y = u - b. Is y prime?
True
Let p = -3171 + 12698. Is p a composite number?
True
Let u(r) = 16*r**2 - 7 - 18 - 7 - 11*r. Is u(-9) a prime number?
False
Suppose -10 = 5*j, 2*j = -6*h + h + 21. Suppose p = 2*t - 0*p - h, -5*t = -p - 11. Suppose 155 = 7*u - t*u. Is u a prime number?
True
Suppose s - 5 = -4. Let m be (-637)/(-14) - s/(-2). Suppose 0*v = -2*v - 2*t + 60, -3*t - m = -v. Is v prime?
False
Let h be (-9)/3 - -2 - 2. Is h/((-30)/4) - 91791/(-35) prime?
False
Suppose 2*b = 2 + 8. Suppose -3*i + 9877 = b*h, 5*h - 9845 = -0*i + 5*i. Is h a prime number?
True
Let d(h) = h**2 - 14*h - 1. Is d(20) composite?
True
Is 5 - 9 - -5276 - (0 - -3) prime?
False
Let m(u) = u. Suppose -r + h - 1 = 0, -r = 2*r + 5*h + 35. Let p(j) = 16*j - 1. Let g(l) = r*m(l) - p(l). Is g(-6) a composite number?
False
Is (4413/6)/(11/154) a composite number?
True
Let f = -6741 + 16340. Is f a composite number?
True
Let i(n) = 2047*n - 55. Is i(6) composite?
False
Suppose -39*w + 8 = -37*w. Suppose -2*h + w*v + 1710 = 0, 2*h + 8*v = 4*v + 1702. Is h a prime number?
True
Let p(r) = r - 4. Let s be p(6). Suppose -4*a - s*z + 10 = 0, 0*a + 4*a - 4*z - 16 = 0. Suppose o + 986 = a*y, -327 = -y + o + 1. Is y a prime number?
False
Suppose -2*m - 2*n = 3*n + 735, 4*m + 1512 = 4*n. Let k = 2 - m. Is k composite?
True
Suppose 0 = -5*h - 0*t - t + 24, 5*h - 4 = 4*t. Suppose -3*k + 4*d = -k + 26, -3*k = d + h. Is (38/k)/((-4)/138) a prime number?
False
Let j(r) = r**3 + 5*r**2 - 4*r + 5. Let z be j(-6). Let p be (-3 + z)*(-2 - -1). Suppose -96 = -2*q - p. Is q composite?
False
Is 11 - 5 - (-4 + -1963) prime?
True
Let j be 1/(-3) + 49/21. Suppose 4*c = j*d - 26, -3*c - 13 = -2*d + 7. Is (-643)/(-15) - c/45 a prime number?
True
Suppose -24774 + 10143 = -5*z - 2*b, -b - 8783 = -3*z. Is z a prime number?
True
Suppose 3*j = -2*j. Let t(k) = k**2 + j*k + 0 + 4*k + 1. Is t(-6) a composite number?
False
Suppose -9 = -8*j + 5*j. Is (5/j)/5*1605 composite?
True
Let h = -1173 + 1804. Is h a prime number?
True
Let q be (-8082)/(-12)*(-2)/(-3). Let h = q + -162. Let p = h - 78. Is p prime?
False
Let m(v) = -55*v**3 + v**2 + 2. Let f be m(-2). Suppose -3*o + 399 = 3*r, -6*r = -10*r - o + 538. Let k = r + f. Is k a prime number?
False
Suppose -4*m = -4*o + 2680, 0 = 5*m + o + 1274 + 2082. Let z = 1326 + m. Is z a prime number?
False
Let w(q) be the third derivative of 1159*q**4/12 + q**3/6 + 28*q**2. Is w(2) a composite number?
False
Let g be ((-52)/4)/((-304)/302 + 1). Suppose -4*p = 3*o - g, -3*o + 1787 = p - 164. Is o a composite number?
True
Let o(u) = 621*u**2 + u + 2. Let c be o(-1). Suppose 4*k + v + c - 2455 = 0, 0 = -5*v + 25. Is k prime?
True
Suppose -4671 = -i - 2*n, 4*i - 23430 + 4762 = -4*n. Is i prime?
True
Let n be (-265)/(-1) - 1*-2. Suppose -36 = 3*c - n. Is c composite?
True
Let o(a) be the first derivative of -a**3 + 25*a**2/2 - 13*a + 4. Let t(s) = s**2 - 6*s + 3. Let p(y) = 2*o(y) + 9*t(y). Is p(-6) composite?
True
Let c be 6 + 22/(-4) + 24919/2. Is 8/6 + (c/(-15))/(-4) prime?
False
Let p(a) = 2*a + 35. Let n be p(-17). Is 2019 - (5*n + 12/(-4)) prime?
True
Let s(n) = -7*n + 36 + 6*n**2 + n - 23 - 3*n. Is s(-8) a prime number?
False
Let q = -38 - -32. Let x(n) = 9*n**2 + 3*n - 11. Is x(q) a composite number?
True
Let v = 26 - 14. Let t = v - 21. Is (201/t)/((-4)/132) composite?
True
Let r = -2485 + 7692. Is r composite?
True
Suppose -165*r + 15526 = -151*r. Is r a prime number?
True
Let v be (12/8 + -1)*-20. Is (v - -9)/(1/(-209)) a prime number?
False
Let j = 10817 + 22140. Is j composite?
False
Let k(s) = -26*s**2 - 4*s - 5. Let q(p) = 26*p**2 + 4*p + 6. Let b(a) = -3*k(a) - 2*q(a). Let c(r) = 6*r + 20. Let f be c(-4). Is b(f) a composite number?
True
Suppose j + 5*y = 14987, j + 4*y = 7952 + 7035. Is j composite?
True
Let m(r) = 2*r**2 - 9*r + 21. Let g be m(6). Let b = 50 + g. Is b composite?
False
Suppose -6*d + 31002 = -0*d. Is d a composite number?
False
Suppose -4*t + 15087 - 83 = 0. Let v = t - 966. Is v composite?
True
Is (-2)/(-4) - (4 - 26904/16) a prime number?
False
Let d(q) = q**3 - 9*q**2 + 9*q - 5. Let j be d(8). Let p(a) = 2*a**3 - a**2 - 4*a + 1. Is p(j) a prime number?
False
Is 3*(115/(-15) - -6) - -23718 a composite number?
True
Suppose -762 = 2*k - 1984. Suppose 4*b - 1072 = -2*a, -5*b - 5*a = k - 1951. Suppose -2*w - 26 = -b. Is w composite?
True
Is (-48470)/(-22) - (294/(-77) + 4) prime?
True
Let b be 2/(-2) - (-49)/7. Is 97*(b - -1 - 4) a composite number?
True
Let x(m) = -2*m**2 - 15*m - 20. Let u(p) = 5*p**2 + 31*p + 41. Let l(j) = 6*u(j) + 13*x(j). Is l(-9) composite?
True
Let y be 21177/(-52) - (-1)/4. Let f = y + 736. Is f prime?
False
Let j(m) be the first derivative of -55*m**2 + 13*m + 7. Is j(-6) a composite number?
False
Suppose 0 = 4*m + 6*s - s - 196, -2*m + 98 = 4*s. Let d be 4/(-10)*(-3 - -140)*-5. Suppose -d = -f + m. Is f a composite number?
True
Suppose -6*h - 14*h = -143420. Is h a prime number?
False
Let p = 3642 - -26567. Is p prime?
False
Let t be (-2)/(-6) + (-213)/(-9). Suppose -5*y - 4 = -t. Suppose v - 88 = -4*r + y*v, -v = -4*r + 80. Is r a prime number?
True
Suppose 20 = -5*t - 4*q, -2*t - 5*q - 18 = 7. Suppose 0 = -t*w - 3*w + 141. Suppose -5*i = f - 275, 2*i + 5*f = 157 - w. Is i a composite number?
True
Is ((-5)/(4 + 1))/(1/(-12097)) a composite number?
False
Let h(q) = q**2 + 16*q + 33. Let d be h(-14). Suppose d*g - 6*g + 257 = 0. Is g prime?
True
Suppose 4*q + 37383 = x, -x - 19*q = -15*q - 37415. Is x composite?
True
Let m = 1330 - -1833. Is m prime?
True
Let a(w) = -5*w - 8. Let l be a(0). Is 174/(-21) - l - (-6206)/14 a prime number?
True
Let l = -117 - 24. Let s = 122 - l. Is s a composite number?
False
Let h(w) = w**3 + 5*w**2 - 6*w + 1. Let i be h(-6). Su